?
True
Let v be 9 + -14 + (-32)/(-4). Suppose -3*h = -v*i + 5208, -5*i + h = -h - 8695. Is i a composite number?
False
Suppose -42*w - 44*w = -95*w + 3261771. Is w composite?
False
Is (7/(-84)*-746756)/(12/36) composite?
False
Let r be (-8 + 30/4)*2. Is (r/2)/(3 - (-1748417)/(-582802)) a composite number?
True
Is (611557 + (-16)/((-64)/36))*(-2)/(-4) composite?
False
Suppose -5*c + 6 = -2*c. Suppose -4*u - j + 9 = 0, u + c*j = -2*j + 6. Suppose -o + 82 + 229 = -4*z, -u*o - 3*z + 655 = 0. Is o a composite number?
True
Let p(z) = -z**3 - 12*z**2 + 25*z - 7. Let i be p(-14). Let m = 35 - i. Suppose -5*q = -20, 3*t - 8*t + q + 5301 = m. Is t prime?
True
Suppose 13*c + 12 - 103 = 0. Let w be (-7)/2*(-8)/c*1. Is (-16 + 45)*w/2 composite?
True
Let n(l) be the second derivative of 0 - 37/2*l**2 + 1/4*l**4 - 22*l - 1/3*l**3. Is n(-6) a composite number?
False
Let v be 123/(-164) + (-31063)/(-4). Let h = v - -17398. Is h composite?
False
Let v(o) = 8*o**2 + 5*o - 2. Let h be v(1). Suppose -j - 18 = -4*p + 13, -h = -2*p - j. Let x(b) = 59*b + 66. Is x(p) composite?
False
Suppose n = -5*i - 20445, 2*n - 3*n - 4093 = i. Let p = i + 6805. Suppose -2*t + p = 5*x, 0 = 4*t + 2*x - 0*x - 5442. Is t prime?
True
Let r(f) = -f**3 + 7*f**2 + 8*f. Let c be r(8). Suppose 23*g - 20*g - 13539 = c. Is g a prime number?
True
Let f = -62 - -77. Suppose -f*z + 22*z - 7819 = 0. Is z prime?
True
Let h(x) = 1876*x**2 + 11*x + 204. Is h(-7) prime?
True
Is (-15)/55 - 42*(-380060)/330 prime?
True
Let o be (-147)/(-196) - 146/(-8). Suppose o*d - 17083 = 8*d. Is d a composite number?
False
Suppose 0 = 16*p - 14*p - 10. Let u be 2/p*(369 + -9). Suppose -u*m = -140*m - 19340. Is m prime?
False
Let h(z) = 4039*z - 5529. Is h(4) composite?
False
Let o(t) = 36 - 18*t - 28*t + 44*t. Let x be o(16). Suppose 3*z + x*q = 6*z - 489, 5*z = -4*q + 815. Is z prime?
True
Let v(z) = 11694*z**2 + 35*z + 26. Is v(-3) a composite number?
False
Let r = 3 - -11. Let o(f) = -7 + r*f - 6*f - 5*f + 36*f**2 + 0*f. Is o(4) composite?
True
Let s(u) = -67*u**3 + 3*u - 5. Let k be (350/15)/(-5) - 12/(-18). Is s(k) a prime number?
True
Suppose 12*i - 8*i - 348580 = -4*a, 261455 = 3*a - 2*i. Is a prime?
True
Let u(f) = 109*f - 68. Let y be u(16). Suppose -5*l + y - 7561 = -5*s, -5*s = -2*l - 5897. Is s composite?
False
Suppose -2*c = -k - 60068, -2*k - 2*c = 53204 + 66944. Is k/96*(-20 - 0) a composite number?
True
Let u = 671 - 666. Let o(c) = 5527*c - 154. Is o(u) a prime number?
True
Let x = -159 - -178. Suppose 9*m = x*m - 35710. Is m composite?
False
Let v(h) = 80*h**2 + 22*h - 14. Let w be v(10). Suppose -w = -2*q + 5*k + 22367, -3*k - 15284 = -q. Is q a prime number?
True
Suppose 118*p = 125*p - 136724. Suppose 13*y = p + 93113. Is y composite?
True
Let t = -3819 - -7244. Suppose 2*m = 5*w + t - 490, m - 1445 = -2*w. Let n = -284 + m. Is n a prime number?
True
Suppose 69*t - 53*t = -64544. Let b = 11091 + t. Is b prime?
True
Suppose 5*f + 61319 = -0*z + z, -306475 = -5*z + 5*f. Is z prime?
False
Let b(c) = -c**3 - 7*c**2 - 5*c + 15. Let n be b(-7). Suppose 0*o - 5*o + n = 0. Suppose 6*f + 2164 = o*f. Is f prime?
True
Let s be (5 + -6)/((-1)/(-2)) + 1. Let q be ((-15)/(-6) + s)/(3/4820). Suppose -3*m = k - 1095 - q, 4*k + 8 = 0. Is m a composite number?
True
Let s = -102649 - -340020. Is s prime?
False
Let b be (4/3)/2*27/(-18) - -1277. Suppose j - 476 - 434 = -v, -4*j = 5*v - 4545. Let w = b - v. Is w composite?
True
Let v(c) be the second derivative of c**5/20 + c**4 - 5*c**3/2 - 4*c**2 + 9*c. Let j be v(-13). Is (1 + 1)*j + 2 a composite number?
True
Suppose -2*t = -2*g - 410788 - 219558, 2*g + 1575883 = 5*t. Is t a composite number?
False
Let w(q) = -q**3 - 9*q**2 - 8*q + 4. Let j be w(-8). Suppose -4201 = r - 4*x, -x = -r + j*x - 4202. Let k = r + 6230. Is k composite?
True
Let m = 356175 - 233548. Is m composite?
True
Let p = 3713 - 1999. Let x = p - -1933. Is x composite?
True
Suppose -23*m - 64393 = -30*m. Is m a prime number?
True
Suppose 2*s + 6 = -2*y, -y + 0*s + 2*s + 9 = 0. Let v(z) = 415*z. Let q be v(y). Suppose -q = -4*f + 165. Is f a prime number?
False
Let r = 404460 - 63851. Is r a composite number?
True
Let n(d) = 2*d + 24. Suppose 3*a = 5*s - 38, -5*s = -1 - 4. Let p be n(a). Suppose 5*g = -p*k + k + 817, 5*g = 3*k - 2371. Is k composite?
False
Suppose -612443 - 276892 + 272874 = -3*d. Is d composite?
False
Let p be (2/(-3) - (-50)/30)*-1. Let g be p/((-8 - -5)/3108). Suppose -2959 = -5*r + g. Is r a composite number?
True
Suppose -t - 5 + 0 = 2*u, -2*t - 14 = 5*u. Let o be (-6 - -897) + t/3. Is -5*5/(-20)*o a composite number?
True
Let j = -482386 + 827033. Is j composite?
True
Let p be 9/288*4 + (-39)/(-8). Suppose 2*q - 1877 = -2*z + q, -5*q - 4730 = -p*z. Is z a composite number?
False
Is (((-24)/28)/(272/(-71392622)))/((-3)/(-4)) a composite number?
False
Let n be (-2 + -262)*(-3584)/48. Let i = n + -7053. Is i composite?
False
Let p = 875287 + -423776. Is p a prime number?
False
Let f = -2432 + 21765. Is f prime?
True
Let t = 2501229 - 1448378. Is t a composite number?
False
Let m(k) = k**3 + 55*k**2 - 7*k + 1770. Is m(47) prime?
False
Suppose 228*a = 222*a + 4502406. Is a a prime number?
True
Let h be ((-15)/(-20))/((-3)/(-84)) + -2. Suppose -h*g = -6876 + 511. Is g a prime number?
False
Let l(r) = -121*r**3 + 9*r**2 - 15*r - 186. Is l(-7) composite?
False
Let t be (-16)/(-32)*-291*50. Let z = t + 14098. Is z a composite number?
False
Let c(j) = -j**3 + 11*j**2 - 18*j + 20. Let k be c(10). Let n = 595 + k. Is n a composite number?
True
Suppose 6*c = 5*a + 5*c - 28, 0 = -4*a + 2*c + 26. Suppose -3*r + g + 5 = 119, -2*r - a*g = 59. Let o = r + 366. Is o prime?
False
Suppose 41*y - 626 = -2*j + 45*y, -y + 328 = j. Is 4537215/j - 6/57 composite?
True
Is -13 + 110/9 - 6/27 - -3267510 composite?
True
Suppose -663*s - 112437 = -670*s + 322592. Is s a prime number?
False
Let c(f) = 19*f + 4 - 13*f - 15*f + 584*f**3 + 4*f. Is c(1) a prime number?
False
Let p(s) be the first derivative of -7*s**3/3 - 3*s**2/2 + 10*s + 4. Let y(v) = 7*v**2 + 3*v - 11. Let g(a) = 2*p(a) + 3*y(a). Is g(6) prime?
True
Let c(z) = 226*z**2 + 33*z + 257. Is c(-12) a composite number?
True
Let m = 181 + -185. Let v(j) = 121*j**2 - 11*j - 11. Is v(m) a prime number?
False
Is (1956/15)/((-6)/15)*(-314)/4 composite?
True
Let j(b) be the second derivative of -4*b**2 + 0 - 13*b - 71/6*b**3. Is j(-2) prime?
False
Suppose 10*y - 11*y + 2921796 = 35*y. Is y a prime number?
False
Let k(z) = -4*z**2 + 42*z + 7. Let n be k(11). Let c(p) = 4*p**3 - 2*p**2 + 2*p - 1. Let r be c(1). Is 1/r + (-3040)/n a prime number?
False
Let j(x) = -8*x**3 - 7*x**2 - 3*x + 13. Let v = 236 - 242. Is j(v) prime?
False
Let n(c) = 73*c + 25. Let p(x) = 37*x + 12. Let y(s) = -4*n(s) + 10*p(s). Let q be y(-11). Is 7/14*8*q/(-8) composite?
False
Let y = -73 - -71. Is 58885/(-15)*6/y a prime number?
True
Is (-11705877)/(-36) + -10 - ((-42)/(-8) - 5) composite?
False
Let x(a) = 56*a + 19. Let g be x(14). Let c = g + -447. Suppose -6*f + 4*f = -c. Is f a composite number?
True
Let i(z) = 13 - 2*z**3 + 16*z - 10*z**2 + 13 - 32*z - 16*z. Is i(-12) prime?
False
Let b = -22410 + 22952. Is b a prime number?
False
Let d(l) = -l**3 + 19*l**2 - 36*l + 36. Let t be d(17). Is -787*(-1 - (t - 2)) a composite number?
False
Let u(g) = -g**3 + 7*g**2 - 7*g - 9. Let j be u(5). Let b(h) = 265*h + 2. Let l be b(j). Let a = l - -1517. Is a composite?
False
Let c be (-10)/90 - (-10442)/18. Let w = 1591 - c. Is w composite?
True
Is (-1)/40*4*-2*639505 a prime number?
False
Let v(m) = 3*m**3 + 13 + 19 - 5 - 22*m - 13*m**3 + 3*m**3 - 10*m**2. Is v(-10) prime?
True
Suppose 76*r - 469850 - 637056 - 778578 = 0. Is r prime?
True
Let n = 62 + -59. Suppose -2*y = -n*d + 75, -4*y - 183 = 10*d - 5*d. Let v = y + 52. Is v a composite number?
True
Let x be (-22)/(3/((-15)/10)). Let f(r) = -3*r**2 + 21*r - 21. Let t(w) = w**2 - 1. Let a(y) = -f(y) - t(y). Is a(x) a composite number?
True
Suppose 0 = 2*w + 10, -7*p + 4*w + 1175 = -2*p. Suppose -4*o = -2*u - 71 - p, -o + 62 = -5*u. Is o prime?
False
Let n = -7087 + 17094. Is n a prime number?
True
Let c(p) = -7*p - 301. Let n be c(-46). Suppose -1213338 = -n*h - 21*h. Is h a composite number?
True
Let x(d) = d**2 + 2*d - 69. Let